k).
-17
Let v(n) = -n**3 + 5*n**2 + 7*n - 3. Let y be v(6). Let q(i) = y - 1 + i**2 - 5*i + 2*i. Let m be 20/15 - 2/(-3). What is q(m)?
0
Let w(h) = -15*h - 17. Let j(v) = -5*v - 6. Let c(m) = 11*j(m) - 4*w(m). Suppose 21 = -4*d + 29. Calculate c(d).
12
Let x(v) = v + 12. Let o be x(-9). Let w(p) = -o + 2 + 3*p - 4*p + 0*p. Give w(1).
-2
Let m be (-6)/(-15) + (-3)/(-5). Let r be (3/m - 6) + 3. Suppose 12 = 3*b - r*b. Let l(h) = h**3 - 4*h**2 + h - 2. Determine l(b).
2
Let g(t) be the second derivative of -t**3/2 - t**2/2 + 2*t. Calculate g(2).
-7
Let k = -103 + 102. Let m(j) = -23*j - 1. Determine m(k).
22
Let u be 12/(-9)*(-9)/(-6). Let w(i) = i**2 + 2*i + 2. Calculate w(u).
2
Suppose -1 = 5*f - 31. Let t = 49 + -44. Let y(i) = 3*i - 3 + t*i + 2 - f*i. Calculate y(-4).
-9
Let g(r) be the second derivative of 0 + 2/3*r**3 + 1/3*r**4 + 3/2*r**2 + 1/20*r**5 - 6*r. Calculate g(-2).
3
Let z(u) = u**2 + u - 1. Let o(t) = -2*t**2 - 8*t - 3. Let a(i) = o(i) + 3*z(i). Determine a(5).
-6
Let p = -16 - -11. Let l(b) = 4*b + 5. Let a(x) = -11*x - 15. Let n(u) = -3*a(u) - 8*l(u). Calculate n(p).
0
Let o(q) = 7*q**3 + 7*q**2 + 7*q + 13. Let a be -3 + (3 - 2) + 0. Let c(j) = 3*j**3 + 4*j**2 + 3*j + 6. Let i(y) = a*o(y) + 5*c(y). Calculate i(-6).
-2
Let b be 2/(-4)*1/(-2). Let y(o) be the third derivative of -1/6*o**3 + o**2 + 0 + 0*o + b*o**4. Give y(-1).
-7
Suppose 4*q - 7 = -3*r + 5*q, -5*r - q = -25. Let k(f) = -f**2 + 7*f - 4. Calculate k(r).
8
Let u(r) be the second derivative of r**5/20 + r**4/3 - 7*r**3/6 - 5*r**2/2 - r. Suppose 5*x - 29 = 3*l - 9, -6 = -x + l. Suppose t + 4 + x = 0. Calculate u(t).
5
Let w be -5 + 3 + -4 + 2. Let y(j) = -4*j**2 + j - j**3 + 4 + 2*j + 1. What is y(w)?
-7
Let l = 7 + -8. Let j(f) = f**3 + 6*f**2 + f + 8. Let d be j(-6). Let n(t) = -t**3 - 4*t**3 + 0*t**2 - t**d. Calculate n(l).
4
Let f(h) = h**3 + 5*h**2 + 4*h + 2. Let p be f(-4). Let z be p*(-1 - 5/(-2)). Let v(u) = u. Let a(q) = 5*q - 6. Let o(l) = a(l) - 4*v(l). Calculate o(z).
-3
Let q(d) = -d**3 + 4*d**2 + 2*d - 6. Let m be q(4). Let a(n) = 5 - 2*n - 2 - 4*n + 2*n + n**m. Determine a(5).
8
Suppose 4*v - 2*y + 6 = 0, 0 = -7*v + 4*v + 2*y - 4. Let c(j) = -5*j + 2. What is c(v)?
12
Let w(j) = 12*j. Suppose 8*q = 5*q + 3. Calculate w(q).
12
Let g(i) = -2*i**2 - i. Suppose -2*a + 3 = 2*f + 5, 5*a = 3*f + 19. Suppose 0 = n - 3*n - 2*t, a*t = 3*n + 10. Determine g(n).
-6
Let d(k) = -k**3 - k**2 + 2*k + 2. Let t be d(-2). Suppose -i + 3*m + 1 = -m, t*m + 8 = -2*i. Let q(z) = 2*z + 0*z - 4*z. Give q(i).
6
Let m(h) be the first derivative of -h**3/6 + 2*h - 3. Let b(w) be the first derivative of m(w). Calculate b(-5).
5
Let n(x) = 13*x**2 + 4*x + 13. Let u(j) = -7*j**2 - 2*j - 7. Let z(y) = -y**3 - 3*y**2 - 3*y - 3. Let k be z(-3). Let i(t) = k*n(t) + 11*u(t). Determine i(-3).
4
Let z(d) = -9*d**2 - 2*d - 1. Suppose -19*g + 2 = -21*g. Give z(g).
-8
Let l(t) be the second derivative of 1/2*t**3 - 5/2*t**2 + 0 - 2*t - 1/12*t**4. Determine l(4).
-9
Suppose -b = -3*b + 4. Let u = b + -6. Let z(v) = -v. Calculate z(u).
4
Let g(y) be the second derivative of y**4/12 + y**3/3 - 2*y**2 - 2*y. Give g(-5).
11
Let x(l) = l - 1. Let v(y) = y**2 - 8*y + 8. Let a(h) = -v(h) - 5*x(h). Suppose -31*g - g = -128. Determine a(g).
-7
Let w(n) be the second derivative of 0 - 2*n + 3/2*n**2 + 1/6*n**3. Let q = -80 - -76. Calculate w(q).
-1
Let t(i) = -i**3 - i**2 + 3*i + 4. Suppose 3*l - 32 = 5*y - 2, -4*l = 2*y - 14. Give t(y).
13
Let c = 5 - 4. Let a = 5 - c. Let x(z) = -z**3 + 5*z**2 - 4*z + 5. Calculate x(a).
5
Let o(p) = -p - 1. Let g be o(-6). Let v(h) be the second derivative of h**3/6 - h**2 + 5*h. Determine v(g).
3
Let d(j) = 5*j**3 - 4*j**2 + 3. Let m(h) = 9*h**3 - 8*h**2 + 5. Let x(q) = -7*d(q) + 4*m(q). Determine x(3).
-10
Let y(z) = 3*z - 9. Let t(i) = 2*i - 9. Let v(q) = -5*t(q) + 4*y(q). Give v(-6).
-3
Let p(f) = f**2 - 13. Let s be p(3). Let x(z) = z**2 + 5*z - 2. Give x(s).
-6
Let x(f) = f + 1. Let l(s) = 5. Let z(h) = -9. Let p(j) = -11*l(j) - 6*z(j). Let n(g) = 6*p(g) - x(g). Calculate n(-5).
-2
Let d be 0/2 + -3 + 2. Let x(k) = k**3 - k**2 - k - 1. Let g be x(d). Let a(l) = 2*l**3 + 2*l**2 + 2*l + 2. Determine a(g).
-10
Suppose 4 + 8 = 2*y. Let a(c) = -c**2 + 4*c + 2. What is a(y)?
-10
Let p be (-207)/(-18)*(2 + 0). Let l(z) = -p*z - 3 + 19*z - 4 + z**2. Calculate l(6).
5
Let c = -3 - -9. Let v = -9 + c. Let h(l) = -l**3 - l**2 + 4*l. Calculate h(v).
6
Suppose 5*z - 19 = -49. Let l = z + 4. Let r(y) be the third derivative of -y**5/30 - y**4/8 - y**3/3 - 2*y**2. Give r(l).
-4
Let q(d) = -d**3 + d**2 - 2*d + 1. Let b(r) = -11*r - 1. Let i be -51*(1 + (-2)/3). Let w(g) = -4*g. Let p(s) = i*w(s) + 6*b(s). Let a be p(4). What is q(a)?
-7
Let w(d) = d**3 + 6*d**2 + 4*d - 6. Let b be 8 - -5 - (-4)/2. Suppose -2*i - b = i. Give w(i).
-1
Let c(b) = -b**2 + b + 1. Let n be c(2). Let d be n + 0/(-3) - 1. Let p(t) = -t**3 - 2*t**2 + 3*t + 3. Calculate p(d).
-3
Let o(l) = -2*l**3 - 2*l**2 - 3*l. Let v(q) = -2*q - 12. Let k be v(-5). Give o(k).
14
Let f(x) be the first derivative of -x**2/2 + 10*x - 1. Determine f(6).
4
Let q(m) = -2*m**2 - m**3 - m**2 - 7 - 5*m**2 + 8*m. Determine q(-9).
2
Let v(j) = 8*j + 7. Let o(t) = -7*t - 6. Let g(p) = 7*o(p) + 6*v(p). Let x(z) = 3*z + 1. Let i(b) = 5*g(b) - x(b). Suppose 0 = -5*w + 4*w - 1. Give i(w).
7
Let k(v) = v**2 - 3*v + 5. Let w be k(4). Let z = w - 9. Let p(t) = z - 2 + 2*t + 6. Determine p(-4).
-4
Let s(x) = 2*x - 4. Let z(k) = -k - 2. Let u(f) = 2*f + 3. Let n(y) = -3*u(y) - 5*z(y). Let p(d) = -3*n(d) - s(d). Determine p(-5).
-4
Let h(i) be the first derivative of i**4/4 + 2*i**3 + i**2 - 4*i - 10. What is h(-4)?
20
Let k(j) = j**3 - 5*j**2 + 5*j - 2. Let n(w) = -20*w + 10. Let u be n(7). Let q be 2/(-3) + u/(-6). Let a be 30/7 - 6/q. What is k(a)?
2
Let o = 5 + -3. Let m be (-1)/(-1) + -3 + 5. Let n(r) = r**2 + 4*r**2 - 2*r - 2 + 13*r**3 - 14*r**m. Calculate n(o).
6
Let f(j) = -7*j**3 - 15*j**2 + 5*j + 5. Let h(c) = -3*c**3 - 7*c**2 + 2*c + 2. Let a(g) = -2*f(g) + 5*h(g). What is a(-4)?
-16
Let a(w) = 6*w + 18. Let j(k) = -2*k - 6. Let d(f) = 5*a(f) + 16*j(f). Give d(-4).
2
Let v(j) be the third derivative of -j**9/60480 + j**8/5040 + j**7/840 - j**6/180 + j**5/60 + j**2. Let c(g) be the third derivative of v(g). Determine c(5).
1
Let x(n) be the third derivative of -11*n**8/6720 - n**5/120 + n**4/24 + 4*n**2. Let t(z) be the second derivative of x(z). Calculate t(-1).
10
Suppose 5*d = 6*d - 5. Let q(w) = 3 + 6*w**2 - d*w**2 + 0*w**2 - 5*w. Calculate q(3).
-3
Let z(y) = 2*y + 353 - 353. Suppose 6 = a + 5. What is z(a)?
2
Suppose 3*i + 12 = -0*i. Let v be 2 + i + 3 + 0. Let r(q) = -14*q. What is r(v)?
-14
Let z(u) = -3*u**2 - 6*u + 7. Let v be z(-3). Let m(w) = -3*w - 3. Give m(v).
3
Let s(f) be the second derivative of f**3/3 - f**2/2 - 3*f. Let g be s(5). Let w = g - 5. Let z(o) = o**3 - 4*o**2 + o - 3. Give z(w).
1
Let j(v) = v**3 - 6*v**2 - 7. Let q be 3 + -2 - -33*3. Let w = q + -58. Let s be 3/4 - w/(-8). Calculate j(s).
-7
Let i(k) = k - 15. Let m be i(13). Let z(v) be the third derivative of v**6/120 + v**5/60 - v**4/24 + v**3/3 - v**2. Determine z(m).
0
Let o(t) = -t**3 - 3*t**2 + t - 2. Let k be o(-3). Let s(n) be the second derivative of n**5/20 + n**4/3 - 5*n**3/6 + 3*n**2/2 - 2*n. Give s(k).
3
Let w(c) = c**2 + 0 + 6*c + 0 + 6. Suppose 8 = -13*i - 44. Determine w(i).
-2
Let v(b) = -b**3 + 5*b**2 - 5*b + 1. Let a be (-6)/12 + 18/4 + 0. Determine v(a).
-3
Let y be (-4)/2*(-15)/6. Let w(l) = -l**2 + 4 - y + 3*l + 0. Let c be -2 - (-4 + 1/1). Determine w(c).
1
Let a(d) = -d - 1. Let j(z) = 7*z**3 + 2*z**2 + 2*z + 5. Let r(u) = -4*a(u) - j(u). Determine r(1).
-8
Suppose 3*f = 2*s + 5, -2*s - 2*f + 6 = -4. Let d(y) = -s - y - 3*y + 5 + 3*y. Calculate d(4).
-1
Let f(w) = w**3 - 3*w**2 + w. Let k(j) = -j - 3. Let l be k(-5). Suppose -r - 3 = -l*b, -b - 3*r = -2 - 3. Give f(b).
-2
Let v(k) = -k. Suppose 3 - 7 = -y. Suppose 0*b = 2*b + 5*m - 3, 0 = y*m - 4. Let i(j) = 3*j - 4. Let q(r) = b*i(r) - 2*v(r). Determine q(0).
4
Let v(s) = 1 - 6*s**3 - s**2 + 2*s**3 + 3*s**3 + 1. Let c = -1 - -1. Calculate v(c).
2
Let r be ((-7)/(-14))/((-2)/(-4)). Let y(o) = -o + 9. Let k(h) = -h + 5. Let b(x) = 7*k(x) - 4*y(x). Calculate b(r).
-4
Let 